= -360 + 632. Suppose -5*n + 335 + 345 = -i, -2*n - 2*i + k = 0. Calculate the greatest common factor of n and 17.
17
Let g(v) = v**2 - 19*v + 6. Let h be g(11). Let m = -31 - 106. Let n = h - m. What is the highest common factor of n and 5?
5
Let h be 356/6 + (-4)/(-6). Suppose -3*c = c - 24. Calculate the greatest common divisor of c and h.
6
Let z(s) = 26*s**2 - 9*s + 4. Let i be z(2). What is the greatest common factor of 10 and i?
10
Let m(k) = -13*k - 6. Let q be m(-6). Suppose -q = -0*r - 4*r. Let p = r - 9. What is the highest common factor of 63 and p?
9
Let n = 1 + -4. Let q be 3/n - (0 - 8). What is the highest common divisor of q and 14?
7
Let p = -23 + 30. Calculate the highest common divisor of 1 and p.
1
Suppose 4*p + 24 = p. Let z be (-2)/(-8) - 46/p. What is the greatest common divisor of z and 48?
6
Let x(u) = 4*u - 5. Let r be x(-6). Let t = 49 + r. What is the highest common divisor of t and 5?
5
Let r(q) = 11*q**2 - 8*q - 1. Let m(w) = -7*w**2 + 5*w + 1. Let c(s) = -8*m(s) - 5*r(s). Let h be c(-2). What is the highest common factor of h and 3?
1
Suppose 14*x - 4*x - 90 = 0. What is the highest common factor of 117 and x?
9
Let b be -6 - -5 - (-7 - 1). Let k(j) = j**2 - 5*j. Let q be k(5). Let w be (q + 1)/(b/84). Calculate the highest common divisor of 120 and w.
12
Suppose 0*z + 1150 = 4*z + 5*c, -2*z + 586 = -3*c. What is the highest common divisor of z and 10?
10
Suppose 4 - 9 = 5*s. Let h be s + (0 - -3)/1. What is the greatest common factor of h and 3?
1
Suppose -39 = -3*l + 5*o, 0 = -4*l - 2*o + 6*o + 44. Calculate the highest common factor of 32 and l.
8
Let p be (-9)/(-2)*(5 - -1). Calculate the highest common divisor of p and 108.
27
Let u = 109 + -99. Suppose 4*k - 18 = -2*i, -2*i + 0*k + 14 = 5*k. Let z = i + 3. What is the highest common factor of z and u?
10
Let p(f) = f + f**2 - 3 - 2*f - 2*f. Let q be p(6). What is the greatest common divisor of 10 and q?
5
Let o(q) = q**2 + 17*q + 7. Let r be o(-17). Calculate the highest common factor of r and 35.
7
Suppose 4*m - 2*i + i - 128 = 0, -105 = -3*m + 3*i. Let k = m - 8. Calculate the highest common factor of k and 115.
23
Let s be (27/15)/(3/20). Calculate the highest common factor of 204 and s.
12
Let l = 0 - -6. Let n be (-1)/(-3) - (-358)/l. What is the greatest common divisor of 20 and n?
20
Suppose 133 + 56 = 3*p. Let q = p - 19. Suppose 77 = 24*g - 17*g. Calculate the highest common factor of g and q.
11
Let u be (-23)/(-4) - (-2)/8. Suppose -6*g = -8*g - 16. Let p be (16/(-4))/(g/60). What is the greatest common factor of p and u?
6
Suppose 21*w = 18*w + 81. Suppose 27 = 3*h - 0*h. Calculate the highest common factor of h and w.
9
Let z(d) = -d + 33. Let m be z(0). Suppose y = 5*y + 8, 2*i + 4*y - 14 = 0. What is the greatest common divisor of m and i?
11
Suppose p = -4*s + 15, 5*s - 27 - 13 = 3*p. Suppose 44 = -s*f - 31. Let w be f/12*(-5 - -1). What is the highest common factor of w and 35?
5
Suppose -114 = 12*a - 594. Let c be 4 + (0 + -2)/(-2). Suppose c = -v + 10. What is the highest common divisor of a and v?
5
Suppose -5*c + 758 = -3*n, 3*c + 146 = 2*n + 600. What is the highest common factor of 22 and c?
22
Let v = -5 + 35. Suppose 113 - 33 = 4*y. What is the greatest common factor of y and v?
10
Suppose 99 = h + 2*h. Suppose -l = -5*l + 44. What is the greatest common factor of h and l?
11
Let z(a) = -a**2 - 8*a - 8. Let h be z(-6). Suppose 0 = -4*l + h, 3*b + 5*l = -2*b + 530. Calculate the greatest common factor of b and 42.
21
Suppose n - 18 = -17. What is the greatest common factor of 9 and n?
1
Let h(k) = -k**3 + 2*k. Let g be h(2). Let s = 7 + g. Suppose s*w + 46 = t + 273, 2*t = -w + 85. Calculate the highest common divisor of 7 and w.
7
Let f = -18 + 24. Calculate the greatest common factor of f and 6.
6
Let r be ((-16)/5)/((-2)/10). Let s = 1534 - 974. Suppose -3*x - 2*x + s = 0. Calculate the highest common factor of r and x.
16
Let q be (-36)/(-30)*15/6. Suppose -8 - 7 = -q*z. Calculate the greatest common factor of z and 55.
5
Let s = 25 + -10. Let p(f) = -f + 1. Let q be p(-3). Let n be (6/(-4))/((-1)/q). Calculate the greatest common divisor of s and n.
3
Suppose 6*c = c. Suppose 5*l + 8 - 48 = c. Let j(w) = 20*w - 60. Let g be j(5). What is the highest common factor of g and l?
8
Let b(t) = -2*t**3 - 4*t**2 - 6*t - 11. Let c be b(-3). Calculate the greatest common factor of c and 15.
5
Let r(m) = m**3 + 13*m**2 + 3*m - 16. Let c be r(-14). Let t = 374 + c. What is the highest common divisor of t and 15?
15
Suppose -2*b - 3*b = 10. Let u be 4 + (b - -1) - -3. What is the highest common factor of 66 and u?
6
Let w be -4 + (19 + 2 - -1). Calculate the greatest common factor of 36 and w.
18
Suppose 3*u + 23 = -2*h + 6*h, -5*h + 4*u = -30. What is the highest common divisor of 14 and h?
2
Suppose -v + 2*v = -324. Let n be (8/(-16))/(1/v). What is the greatest common factor of 18 and n?
18
Suppose 16 = 3*p - 2*f - 10, -2*f = 8. Let r be (-12)/7 - 2/7. Let j be 58 + r + (-1 - 1). What is the highest common factor of j and p?
6
Suppose 0 = 4*n - 109 - 35. Suppose 62 - 17 = 5*b. Calculate the greatest common factor of b and n.
9
Let o(f) = 16*f - 40. Let z be o(4). Let t be (0/(-2) - 0) + 12. Calculate the highest common divisor of z and t.
12
Let j = 39 - 22. Suppose -48 = -2*n - 14. What is the greatest common divisor of n and j?
17
Suppose 3*f + 64 - 259 = 0. Let g = 5 - -8. Calculate the greatest common factor of g and f.
13
Suppose -u + 4*g + 13 = -17, -3*u + 46 = -g. Suppose 0*z = -3*z + 21. Calculate the highest common factor of u and z.
7
Let n(m) = -m**2 + 5. Let p be n(0). Suppose -4*g + 3*b + 19 = -179, 134 = 3*g + p*b. Calculate the greatest common factor of g and 32.
16
Suppose 6*q = 8*q - 12. Calculate the highest common divisor of 66 and q.
6
Let r(c) = c**2 + 8*c - 5. Let j be r(-9). Calculate the greatest common factor of 3 and j.
1
Let b be 4/(-3)*117/(-26). What is the greatest common divisor of b and 6?
6
Let n = 24 - -45. What is the highest common factor of 46 and n?
23
Let r(h) = h + 2. Let a be r(-2). Suppose -v + a*v = -8. Let d = 248 + -160. What is the greatest common divisor of v and d?
8
Suppose 0 = 3*v + 5*g - 6 - 10, v + 5*g - 12 = 0. Suppose v*a - c = 14, 3*c - 1 = -4*a + 17. What is the greatest common divisor of 6 and a?
6
Let y(k) = 2*k**3 - 4*k**2 - 4*k + 4. Let x be y(3). What is the greatest common divisor of 15 and x?
5
Let n(i) = -i**3 - i**2 - i + 16. Let c be n(0). Suppose -3*v + 49 = -47. Calculate the highest common factor of v and c.
16
Let v be 1*0/(-3) + 13. Calculate the highest common factor of 39 and v.
13
Let b = 6 - 4. Suppose 8 = -0*m + b*m. Suppose -2*g + 36 = -4*i, m*g - 5*i = -g + 115. What is the greatest common divisor of 14 and g?
14
Let y be -75*8/(-30)*3. Let g = y - 8. What is the highest common factor of g and 13?
13
Let b be (154/35)/(4/10). Let h = 4 - b. Let g = 1 - h. Calculate the greatest common factor of g and 56.
8
Suppose -10*n + 2*n + 32 = 0. Calculate the greatest common factor of n and 32.
4
Suppose 2 = 5*w - 18. Suppose 5*d - w*g - 21 = 2*d, -5*d = -3*g - 35. Calculate the greatest common divisor of d and 7.
7
Let x = 1 - 5. Let v(y) = y**3 + 5*y**2 + 4*y + 6. Let d be v(-4). Let w be (x/d)/((-2)/27). What is the greatest common divisor of w and 9?
9
Let x = 8 - 5. Let z(m) = 32*m + 3. Let w be z(x). Calculate the greatest common divisor of w and 9.
9
Let q(a) = a**3 - 3*a**2 + 9*a - 22. Let u be q(3). Let d = 113 - 68. What is the greatest common divisor of u and d?
5
Let r be (0 - 3)*12/(-9). Suppose 190 = -r*j + 670. Calculate the highest common factor of 15 and j.
15
Let m(d) = -2*d + 6. Let t(c) = -2*c + 5. Let s(j) = 4*m(j) - 5*t(j). Let v be s(2). Suppose -13 = -4*g + v*g. Calculate the highest common divisor of g and 78.
13
Suppose -5*j + 4*f = -30, 2 = 5*j + f - 3. Suppose 0 = -2*x + 6 - 4. Let a be (x - (-1 - -1))*2. Calculate the highest common factor of a and j.
2
Suppose -2*d - d + 16 = 2*o, 5*d - 30 = -4*o. Let b be 4/4 - (-358)/d. Calculate the highest common factor of b and 20.
20
Suppose g - 143 = -5*n, -8*g + 500 = -4*g - 4*n. What is the greatest common divisor of 16 and g?
16
Let v be 3/12 - (-1413)/12. Suppose -v = -4*b - 5*l, 2*b - 23 = l